 19
Let r(n) = -10*n**3 - 9*n**2 + 29*n + 85. List the prime factors of r(-8).
4397
List the prime factors of (-6 - -3)*(-1430)/30.
11, 13
Let b be (2/(12/9))/((-2)/(-4)). Suppose b*d = 5*d - 196. What are the prime factors of d?
2, 7
What are the prime factors of 214*2/8*(-23 - -33)?
5, 107
List the prime factors of -7 + (-6)/(-2) + 760.
2, 3, 7
Let i = 4936 + -2787. What are the prime factors of i?
7, 307
Let m(c) = c**3 - 22*c**2 - 33*c - 12. List the prime factors of m(24).
2, 3, 29
Suppose -2*m + 3*j = -945, -6*m + 3*m = -5*j - 1419. List the prime factors of m.
2, 3, 13
Suppose h = -4*l - 18, 2*h - 7*h = -2*l - 20. Suppose a - 83 = -3*z, -2*a + 149 = h*z - 13. List the prime factors of a.
2, 5
Let d = 795 + 120. List the prime factors of d.
3, 5, 61
Let w = 10 - 6. Suppose -4 = -4*d + w. What are the prime factors of ((-48)/(-20) - d)*10?
2
Let j(l) be the second derivative of -l**5/20 - 5*l**4/6 + 7*l**3/6 + 4*l**2 - 8*l. What are the prime factors of j(-11)?
2, 13
Let d(s) = -s**3 - 4*s**2 - 3. Let r = 12 - 16. Let k be d(r). Let g(o) = -o**3 - o**2 + 3*o + 4. List the prime factors of g(k).
13
List the prime factors of (-9 - 6895/(-21))*3.
2, 479
Suppose 288*y - 257*y = 35433. List the prime factors of y.
3, 127
Suppose -2911 = -30*w + 2909. List the prime factors of w.
2, 97
Suppose -9 = -3*o + 12. Suppose -o = q - 10. Suppose -4*u - 134 = -3*f, -2*u = -q*f - 4*u + 158. List the prime factors of f.
2, 5
Let f = -103 + 206. What are the prime factors of f?
103
Let q(m) = -26*m**3 - 36*m**3 + 0*m + m. List the prime factors of q(-1).
61
List the prime factors of 12/(-1)*(-7461)/36.
3, 829
Suppose 0 = 5*z + 1198 - 178. Let f be ((-4)/(-3))/(8/z). Let g = f - -62. List the prime factors of g.
2, 7
Suppose -4*j = -9*j + 270. List the prime factors of (-69)/((-2)/12*j/12).
2, 23
Suppose 4*f + 8 = -4*l, -l = -6*l - 4*f - 12. Let b be 2/(-8) - l/16. Suppose 3*z + 0*z - 12 = b. What are the prime factors of z?
2
Let t(d) = 29*d + 11. Let m be t(12). Let n = m + -231. Suppose -2*u + 2*q = -46, 5*q = 4*u + 32 - n. What are the prime factors of u?
19
Suppose -r + 2*r = 0. Suppose -l - 2*m + 390 = 3*l, -3*l - m + 294 = r. List the prime factors of l.
3, 11
Let r(z) = -91*z**3 + 13*z + 14. List the prime factors of r(-2).
2, 179
Let r(x) = x**2 + 3*x - 10. Let w be r(-7). Let z be (-434)/(-9) + (-4)/w. Suppose -z*j + 148 = -44*j. What are the prime factors of j?
37
Suppose 0 = 18*l - 28*l + 60. Suppose m - 2*c - 59 = -l*c, 3*c - 380 = -5*m. What are the prime factors of m?
79
Let s be (-10)/(-55) + (-31)/(-11). Suppose 0 = 2*m + s*m - 15, -5*w + 4*m = 167. Let n = 56 + w. What are the prime factors of n?
5
Let d(m) be the first derivative of -8 + 2/3*m**3 - 1/4*m**4 + 4*m + 3/2*m**2. List the prime factors of d(3).
2
Let j(x) = x**3 + 5*x**2 + 5*x - 9. Let a be 8*(2 - 9/6). What are the prime factors of j(a)?
5, 31
Let r = -327 - -933. List the prime factors of r.
2, 3, 101
Let l(x) = -x + 9. Let w be l(7). Let b be 2 + w*(-2)/4. List the prime factors of 4/b + -5 - -17.
2
Let j = -75 - -77. Suppose -j*x = x - 237. List the prime factors of x.
79
Suppose -5*u + 4*u = -268. What are the prime factors of u?
2, 67
Let f(u) = 7*u**2 - u + 1. Let w be 12 - (3 - -3)/3. Suppose -z + 6*z = -w. What are the prime factors of f(z)?
31
Let n = -9 + 18. List the prime factors of 9/(n/12 - 0).
2, 3
Let m(w) be the second derivative of w**5/20 - w**4/3 + 5*w**2/2 - 3*w. Let c be m(3). List the prime factors of (20/15)/(c/(-66)).
2, 11
Let i(n) = -n**3 + 8*n**2 + 11*n + 13. Let b be i(9). What are the prime factors of ((-2)/((-6)/(-13)))/(b/(-186))?
2, 13
Let q(r) = -r**2 + 9*r - 15. Let d be q(7). What are the prime factors of (429/(-26))/(d/6)?
3, 11
Let i(r) = -1. Let x(q) = 2*q - 12. Suppose y + 4*o - 3 = 2*o, 2*y + 3*o - 5 = 0. Let j(u) = y*x(u) - 4*i(u). What are the prime factors of j(6)?
2
Suppose -25*d = -29*d + 304. What are the prime factors of d?
2, 19
Let k(w) = -w + 1 - 3 - 8*w + 9. What are the prime factors of k(-4)?
43
Suppose g - 6 - 4 = 0. Let m = g - 6. What are the prime factors of (116/(-16))/(m/(-16))?
29
Suppose -252 = 9*a - 13*a. Suppose a = 5*h + 8. What are the prime factors of h?
11
Let i be -1 - 6*(-12)/(-4). Let p = i + 29. Suppose -4*u - 2 = -p. What are the prime factors of u?
2
Let r(w) = -15*w - 7. Let u(z) = z**3 + 16*z**2 - 9. Let t be u(-16). What are the prime factors of r(t)?
2
Suppose 4*w = -207 + 63. Let b(j) = j - 10. Let r be b(14). List the prime factors of (w/(-16))/(1/r).
3
Let i = -2690 - -5176. List the prime factors of i.
2, 11, 113
Suppose -4*l - 103 = -b, -4*l - 143 = 5*b - 10. Suppose -5*y = -2*c + 56, 2*y = 3*c - y - 93. Let v = l + c. List the prime factors of v.
2, 3
Let j be (0 + -3 - -15) + -2. Suppose 0 = -2*z - 5 - 5. List the prime factors of (-46)/z + j/(-50).
3
Let b be 1*(8/(-4) + -94). Let z = b - -166. What are the prime factors of z?
2, 5, 7
Let h(t) = -46*t - 205. List the prime factors of h(-41).
41
Let c = -418 + 614. Suppose 2*y - 66 = c. List the prime factors of y.
131
Let s(c) = 13*c**2 - 17*c + 49. What are the prime factors of s(7)?
3, 7
Suppose 4*z = 4*x - 0*x, 40 = 3*z + 5*x. Suppose z*a = -2*u + 76, 3*a = -3*u - 0*u + 51. List the prime factors of a.
2, 7
List the prime factors of ((-1 - -7880) + -14)*(-2)/(-5).
2, 11, 13
Let x(r) = -6*r**2 - 2*r - 1. Let y be x(-1). What are the prime factors of (36 + 2)/(y*(-6)/45)?
3, 19
Let v be ((-45)/(-6))/1*-4. Let m = v + 34. List the prime factors of m.
2
Suppose v - 4*v + 51 = 5*g, -v + 17 = -2*g. Let l(i) = -i**2 + 34*i - 40. What are the prime factors of l(v)?
3, 83
Let j(z) = 2*z**2 - 10*z - 10. Let a be j(6). Let y(r) = 11*r**2 + 3*r - 1. List the prime factors of y(a).
7
Let p(c) be the second derivative of c**5/20 - c**4 + 3*c**3/2 - 12*c**2 - 9*c. What are the prime factors of p(12)?
2, 3, 7
Suppose -5*s = 4*p - s - 940, -3*s = -2*p + 480. List the prime factors of p.
3, 79
Suppose -2*w - 4*q + 0*q + 384 = 0, 0 = -4*w - 5*q + 771. Let n = w - 0. Suppose -4*l = 3*x - n, -3*x + 4*l + 216 = 38. List the prime factors of x.
2, 31
Let f(s) = 2*s**3 + 77*s**2 - 178*s - 43. What are the prime factors of f(-40)?
3, 11, 23
List the prime factors of 4 + 11/(77/10262).
2, 3, 5, 7
Let l(g) = -g**3 - 5*g**2 + 6*g + 3. Let r be l(-6). Suppose 0 = -2*m - r*o + 133, 5 - 1 = -4*o. List the prime factors of m.
2, 17
Suppose 11*c - 2842 = 909. List the prime factors of c.
11, 31
Suppose 843 = 2*y - 251. List the prime factors of y.
547
Suppose 0 = 3*y + 5 + 10. Let a = y - -5. Suppose -z + 4*k + 17 = 0, a*k - 5*k + 20 = 0. List the prime factors of z.
3, 11
Let t(p) = -p**3 - 5*p**2 + 2*p + 5. Let d be t(-5). Suppose 0*q = -15*q - 420. Let y = d - q. List the prime factors of y.
23
Suppose 2*r - 28 = 132. Suppose 3*h = -17*j + 22*j + 23, 0 = h + 5*j - 1. Suppose p + r = h*p. What are the prime factors of p?
2
Let a(b) = 2 - 2*b + 5 + 5*b + 6*b**2. Let d(y) = 5*y**2 + 3*y + 7. Let l(p) = -4*a(p) + 5*d(p). List the prime factors of l(-5).
17
Suppose -3*l + 2*r = -773, 8*r + 769 = 3*l + 4*r. List the prime factors of l.
7, 37
Suppose -5*y + 2 = -4*y. Let l be 332/(-2) - (-3 + y). What are the prime factors of l/(-6) + 3/6?
2, 7
Suppose 3*f - 10*f + 28 = 0. Suppose 2*a = 5*u + 21 - f, -5*u = -a - 4. What are the prime factors of a?
3, 7
Let k(x) = 3*x**2 - x - 26. Let z be k(-9). Let l = 370 - z. What are the prime factors of l?
2, 3
Suppose -8*v - 21280 = -18*v. What are the prime factors of v?
2, 7, 19
Let u(r) = -4*r - 5 + 1 + 346*r - 6. List the prime factors of u(1).
2, 83
Suppose -h = 2*k - 944, 8*h - 2*k - 940 = 7*h. List the prime factors of h.
2, 3, 157
Let u(m) = 23*m + 727. What are the prime factors of u(35)?
2, 383
Let m = -19 - -45. Suppose -2*f + 22 = -m. List the prime factors of f.
2, 3
List the prime factors of 6/(-9)*5/(30/(-1719)).
191
Let t = -717 - -1195. What are the prime factors of t?
2, 239
Let m = -19 + 35. Let g = m - 7. Let z(c) = c**2 - 9*c + 8. What are the prime factors of z(g)?
2
Suppose 5*o - 788 - 507 = 0. List the prime factors of o.
7, 37
Let w = 11146 + -7431. What are the prime factors of w?
5, 743
Let p(l) = 2*l + 14. Let f be p(-4). Suppose 0*y - f*y = -54. List the prime factors of y.
3
Suppose 0 = 2*h, 5*d = 9*h